hat is -171 + 162 + 20 + -88?
-77
What is (2 - 6) + 2 + (21 - 30 - 23)?
-34
Evaluate -3 - (-5 - 0) - (-53 + 58 + 20).
-23
9 + 29 + -144 + 119 - -19
32
Calculate -1 + (-1 + -6 - 6) - (-2 - -8 - -5).
-25
Evaluate 29 + (2 - (-33 - -102)).
-38
What is 30 + -63 - -25 - (4 - (-3 + 59 - -7))?
51
Calculate -23 - ((-81 - -93) + (-1 - -4) + -9).
-29
Calculate 123 + -1 + (-283 - -383) + -92.
130
What is the value of (94 + -140 - (-18 - -10)) + -6 + 0?
-44
Evaluate (-580 + 608 - (0 - -29)) + (-11 - 1) + 1.
-12
What is 55 + 1 - ((8 - -37) + (4 - 33))?
40
What is (55 - 23) + 81 - (-2 + 6 - 4)?
113
What is (-5 - (5 + -3)) + -122 + (11 - -43)?
-75
Evaluate 4 + (-172 - -87) - -80.
-1
What is the value of 9 - 69 - -98 - -15?
53
Evaluate 88 - 140 - (-3 - (-3 - -12)).
-40
Calculate (-17 - (-18 - 53)) + 3.
57
51 + -19 + (24 - 103) - 29
-76
Evaluate (40 - -89) + -110 - (1 + 2).
16
-2 - (0 + -2) - (215 + -217) - -40
42
What is the value of -50 + (-51 - -54) - -36?
-11
What is 17 - (-3 - -7 - (-26 + (39 - -4)))?
30
What is -109 + (185 - (-5 - -126))?
-45
Calculate (26 - (33 + -18) - 0) + -3 + (-50 - 1).
-43
What is the value of (-88 - 1) + (-27 - (35 - 108))?
-43
Calculate (-2 - 9) + 25 + -9 - (0 + 25).
-20
Calculate 2 + 20 + (0 - 2) - -13.
33
2 + -11 + (-10 - (1 + 0) - (85 - -12))
-117
-6 + ((-44 - -45) + -14 - (1 - 53))
33
What is the value of 14 - (-59 + 74 - (6 - -5))?
10
What is the value of 39 + (5 - 1 - (-12 + (8 - 1))) + 4?
52
What is the value of (24 - -40) + 4 + -98?
-30
(15 + -26 - -23 - -3 - 7) + 57
65
What is the value of (46 - -1) + (563 - 589)?
21
(-124 - (-116 + -124)) + 8
124
What is 41 + -28 - -64 - 25?
52
Evaluate -62 + (2 - 0 - (35 + -28 + 0)).
-67
Calculate 4 + (8 + 11 - 31) + (0 - 12).
-20
What is the value of -52 + 40 - (-2 + -32 + 9) - 52?
-39
Calculate -160 + 68 + 70 + 64 + 2.
44
What is the value of -7 + 91 - (25 + -8)?
67
Calculate -3 - (-22 - -100 - 44).
-37
What is 24 + 94 - 43 - -29?
104
10 - (20 - 20) - 8 - (0 + -15)
17
Calculate -186 + 93 + 84 - (3 + 3 - (-3 + 1)).
-17
-33 - (-15 - (12 - -1 - (57 - 38)))
-24
0 - 33 - (128 + -37 + -31)
-93
Calculate 22 + -1 - (-2296 + 2287).
30
Calculate (-17 - ((-20 - 8) + 12)) + 52.
51
What is (43 + -5 - -4) + -10 + 4?
36
50 - ((70 + -26 - 11) + -56)
73
Calculate -27 + 36 - (9 + 1) - 32 - -6.
-27
63 + -19 - 32 - 7
5
((12 - 6) + -2 - (-4 - -4)) + (-2 - -7)
9
What is the value of 8 + (18 + (34 - 30) - -14)?
44
(7 - 6 - -7 - 7 - -6) + (12 - 5)
14
-337 - -338 - (2 - -12) - (-3 - -1 - -15)
-26
Evaluate 2 - 1 - -148 - 1 - ((-40 - 44) + 97).
135
What is 5 - ((-9 + 1 - 2) + (-144 - -70) + 78)?
11
(8 + -3 + -8 - (11 + -60)) + -4
42
Evaluate -16528 - -16536 - (-1 + (0 - -1) + 2).
6
What is (-2 - -12 - (16 - -70)) + (-5 - -4)?
-77
What is the value of (-12 + 13 - 2 - -118) + 79 + -70?
126
Evaluate 94 - (21 - -49 - 20).
44
What is the value of (27 - 18) + -67 + (-14 - 3 - -39)?
-36
What is (19 - 36 - -7) + -103 + 35?
-78
Evaluate (-3 - (-28 + (-2 - -19))) + 4 - (0 + 1).
11
What is the value of -4 - -72 - (23 + 18) - -45?
72
What is the value of -43 - (-35 - (-69 + (-13 - -22)))?
-68
What is (155 + 54 - 102) + 32?
139
(-27 - -63 - (-2 - 1)) + (-1 - -13)
51
31 + 1 - (135 + 144 + -339)
92
What is the value of 37 + -68 - -59 - 24?
4
What is 0 + 2 + 1 - ((-44 - -24) + 15) - -22?
30
What is the value of (1 - -1 - 8) + (-328 - (43 - 330))?
-47
What is the value of -36 + 13 - 11 - (-37 - -8)?
-5
What is 0 + 14 - (24 - -1 - (541 - 521)) - -62?
71
Calculate -7 - -20 - (67 + (-2 - 9) - -1).
-44
What is -28 + -2 + 17 + -12 + 0 + 1 + 11?
-13
Calculate (1 - 2) + 4 + (-2 - -3 - (-47 - -52)).
-1
Evaluate 3 + -1 - ((-14 - 0) + (9 - 44)).
51
Calculate 0 - (7 - -1) - (-55 + -5 + 32).
20
Calculate -36 + (36 - (31 - 16)) - -34.
19
What is -71 + (-96 - -94) + 141?
68
Evaluate (1 - 27) + (3806 - 3767).
13
Calculate (-943 - -946) + -4 + 8.
7
Evaluate 61 + -6 + 6 + (15 - (17 - (-8 + 14))).
65
Calculate (13 - 203) + 153 - (0 - 116).
79
44 + (5 - ((-7 - -8) + -7 + 6)) - -3
52
Evaluate (-10 - -1) + 9 - (106 - 83).
-23
Evaluate -11 + (1 - 1 - -7) - (8 - (-12 + 12)).
-12
What is the value of -1 + -16 + 1924 + -1915 + -91?
-99
What is 19 - -2 - (71 + (6 - 24))?
-32
12 + (1 + -10 + 18 - 17 - (-3 - -10))
-3
What is the value of 7 + (-6 - -3) - (-185 - -189) - -51?
51
-21 - (-8 + -37 + 22 + -5)
7
What is the value of (137 - 131) + (-7 - -5 - -4 - 64)?
-56
What is the value of -30 + 4 + (16 - 29)?
-39
What is the value of -6 + 14 + -4 - (-43 - -49)?
-2
-58 + -5 + -26 + 68 + -97
-118
Calculate -14 - (17 - (-50 - (-41 + 8))).
-48
What is (122 + -59 - 80) + (-1 - -6)?
-12
Evaluate 18 + -41 + 54 + -59.
-28
What is 15 - ((-70 - (1 - 4)) + (90 - 78))?
70
Evaluate -11 + -6 - -10 - (-68 + 55).
6
Calculate (-24 - 32) + 47 + 24.
15
-819 + 808 - (-16 + -2 + 1)
6
What is -99 + 43 + 27 + -8 + (-7 - -11)?
-33
Calculate -13 - (6 + -13 + 20 - 34).
8
10 - (0 - (-9 + 10)) - 19
-8
-19 + (-11 - -6 - -15) + 13 - -25
29
-1 - ((5 + -1 - 15) + 88 + -87)
9
Evaluate 153 - (357 - (54 - -40)).
-110
Evaluate -13 - ((-24 - (70 + 4)) + 2).
83
Calculate 17 - (2 - -1 - (-154 + 145)).
5
What is 7 - -51 - (-436 - -466)?
28
What is (-3 + -6 + -3 - -14) + (-73 - 31)?
-102
Evaluate (-2 + -2 - (17 - 8)) + -24 + -2.
-39
Calculate 463 + -566 + (0 + 1 - -25).
-77
(-8 - (-27 - (-1 + -5))) + (-4 - 9) - -94
94
88 + 82 + -353 + 81
-102
What is the value of -30 + (10 - 5) + -1 + -43 + (-24 - -57)?
-36
What is -39 + (23 - -17) - (-10 - (-28 + 1))?
-16
Calculate 53 + -3 + 27 + -20 + (-20 - 0).
37
What is (0 - 0) + (-9 - -65 - 50)?
6
Evaluate -9 + -6 + 3 + 31 + 2 + 8.
29
Calculate -19 - (-50 + (-44 - -20)).
55
What is the value of -2 - (-8 - 1 - (26 + -1 + 3))?
35
Calculate 0 + -1 + -14 + (3434 - 3401).
18
What is (-7 - (25 - -5)) + -5?
-42
Calculate (27 - 100) + 13 - (-38 - -13).
-35
What is the value of 202 + (-91 - (-40 - -51))?
100
Calculate 11 + 1 + 6 + -3 + -35 + -121 + 83.
-58
Calculate (-7 - (-1 + -8 + -15)) + -7 - -66.
76
Evaluate 61 + (-7 + (2 - 1) - (-23 + -1 - -11)).
68
5 + 73 - (412 + -374)
40
What is (-29 - -3) + (-5 - -52) - -25?
46
Evaluate 66 - -1 - (-2293 - -2318).
42
Calculate -17 + (130 - (-48 + 191)) + (0 - 10).
-40
(0 - (-5 - 0)) + -13 + (52 - 2)
42
Evaluate -116 - (-81 + 147 + -50 - (-2 - -18)).
-116
What is -131 + 128 - 12 - (0 + 22)?
-37
What is the value of -25 - (25 + (3 - (30 + -20)))?
-43
-18 + -17 - (5 + -9 + 0 + 5)
-36
Calculate -72 + -2 - (38 + (-30 - 36)).
-46
Calculate -16 + (20 + -18 - 25) + 41.
2
What is (2 - (36 + 7)) + (105 - 87)?
-23
Evaluate -61 + 70 - -7 - 58.
-42
Calculate -6 + -23 - -3 - (-532 + 533).
-27
15 - (-2 - -3 - (3 - 2))
15
What is the value of 9 - (0 + -1) - (-36 - ((27 - 53) + -85))?
-65
What is 49 - 9 - 36 - (13 + 1)?
-10
What is (38 - 33) + (-7 + 15 - 31)?
-18
Evaluate 5 + -2 + 2 + 0 + 4637 + -4662.
-20
Calculate -14 - 55 - (1 - 32) - (1 + 7).
-46
Calculate -21 - -153 - 15 - (-18 + 8).
127
What is the value of -14 + (4 - (9 - 15) - (-25 + 34))?
-13
-11 - (-39 + 7 + 43)
-22
What is -5 + 3 + 0 + (23 - 44) + 35?
12
Evaluate -7 - (-24 - -34 - (1 - (-1 - 0))).
-15
Calculate -31 + (40 - (-48 + 93)).
-36
Evaluate (5 - 18) + (15 - 22) - -1 - 50.
-69
What is -1 + 6 + -5 - (-13 + 26 - (-19 + -2))?
-34
Evaluate 38 - 61 - (-3 + -1 + -1) - (-3 + 2).
-17
Evaluate 137 + -119 - ((-6 - -11) + (0 - 18)).
31
-1 - 41 - (94 - 108) - (-2 + 2)
-28
-27 - (397 + -399 - (1 - -13))
-11
(-4 - (14 - -3)) + (6 - 4 - 11)
-30
Evaluate 301 + -318 + -54 + 7 + -4 + 3.
-65
4 + -3 + -38 - (295 - 311)
-21
Calculate -18 + (-3 - -5) + (-182 - -193) + -6.
-11
Evaluate 151 + (30 + -13 - 67).
101
What is -2 - (14 + -72) - (-13 + 11 - -20)?
38
-80 + (2 - 2) + (4 - (17 + (43 - 55)))
-81
What is 78 + -72 - (8 - (-7 - -2))?
-7
What is the value of -4 + (39 - (-7 + 26)) + -35?
-19
Evaluate -3 + 66 - 4 - (-8 + -12 + 43 + -26).
62
What is the value of 13 - (-21 + 17 - -11 - 57)?
63
What is the value of 3512 + -3417 - (1 - -30)?
64
-2 - (-13 - (4 - 19))
-4
11 - (6 - 9) - (-25 + (4 - 5))
40
What is -4 + 61 - (40 - 13 - (12 - 3))?
39
Evaluate -92 - (-5 - (-7 - -80)).
-14
(105 - 46) + -46 + (0 - (40 - -3))
-30
Evaluate 68 - (-36 - (-10 - 25)).
69
Calculate (8 - 60) + -82 + 135.
1
What is the value of (4 + -33 - 17) + 46?
0
What is the value of -135 + 351 - 212 - (-40 - (2 - 2) - -1)?
43
Wh